 35 - (6 + 1 + -6))?
-28
What is the value of 41 + (-47 - 10 - 28)?
-44
What is the value of (-18 - 3 - (-184 - -176)) + -13?
-26
What is -31 + -52 + 16 + 34?
-33
Calculate 11 - (-3 + -35) - 36.
13
What is -33 + (137 - 78 - 34)?
-8
Evaluate -16 + 52 + -25 + (7 - 11) + -46.
-39
(32 - (1 - -31)) + (-4 - -5) + 30
31
What is 5 - 4 - (-50 + (19 - -19))?
13
Evaluate 1 - -9 - (16 - -35).
-41
Evaluate 88 - (19 - 15) - 125.
-41
-9 + (0 - (0 + 1)) - (23037 + -23039)
-8
What is the value of (-124 - -109) + 2 + -1 + 6?
-8
What is the value of 22 + -15 + -4 + 21 + -19 - -82?
87
What is -7 + -77 + 149 + -143 + 32?
-46
2136 - 2096 - (0 - (1 - 0))
41
What is the value of (1 - -6) + (1 - 5) - (-315 + 270)?
48
Calculate -1 + -62 + (-10 - ((-5 - 44) + 8 + 19)).
-51
Calculate (119 - 97) + 3 + -11.
14
Evaluate 2 - -1 - ((47 - -1) + 1918 + -1957).
-6
75 + (-140 - -207 - 64)
78
Evaluate 9 - (-66 - (3 - 11)) - 2.
65
Evaluate -4 - (-43 - (-37 + (30 - 29))).
3
What is -85 - (-41 + 66 + -47)?
-63
-1 - (-19 + (7 - (10 + (-9 - -6)) - -9))
9
Calculate 21 + -5 + 32 + (-26 - -3).
25
Calculate -10 + 3 - ((-78 - -84) + 0 + 1).
-14
What is -2 - 70 - (1 + -20 + 21 - 7)?
-67
Evaluate -71 + (-2 - (9 + -33 + -4)).
-45
What is (0 - 1 - 1) + (-170 + 189 - (23 - -2))?
-8
Evaluate (-9 - -13 - 5) + -4 - (3 + -7) - 12.
-13
What is -20 + -7 + 89 + -105?
-43
Evaluate -12 + (2 - 19) - -8 - -14.
-7
What is the value of (-90 - (-7 + -67)) + 114?
98
What is the value of (-2 - -26) + (3 - 5) - (28 + 20 + -38)?
12
187 + -142 + -78 - (20 + -1)
-52
What is the value of -2 + 72 - (-152 - (45 - 184))?
83
What is the value of -28 + -8 - (36 + -72) - -3?
3
What is the value of ((19 - 14) + 22 - 11) + 2 + 11?
29
What is (5 - (4 + 16 + -44 + -5)) + -9?
25
(-37 - 27) + 77 + (0 - 31) - 59
-77
What is -6 + -2 - ((-12 - -54) + -38)?
-12
What is 3 + (1 - (67 + -17)) - (11 - 23)?
-34
What is the value of 96 - 90 - (4 + (-1 - 1) + -3)?
7
What is the value of 32 + 2 - (28 + -2 + -26)?
34
Evaluate 20 + -6 + -5 + -1 + 11 + -88 + -7.
-76
Evaluate 6 + 6 - (42 - (26 + 13)).
9
Evaluate -10 + (13 + 6 - 2) + -14 + -6 + 13.
0
What is the value of 0 - (-35 + 13 + -52 + (8 - 1))?
67
What is (90 - 62) + (5 - -1)?
34
What is -27 - (-5 + 44 + -68)?
2
Evaluate 27 + -90 + 20 + 59.
16
(75 + -69 + 29 - 84) + -7 + 0
-56
Evaluate -46 - (15 - (44 - 23)) - 10.
-50
What is -4 + 6 + (-24 - (-3 - 18))?
-1
What is the value of -13 + ((-2 - (-4 - 5 - -15)) + -7 - -11)?
-17
What is the value of 2008 + -1994 - (2 + -2 + 61)?
-47
Calculate (2 - (1 - 1)) + 32 + -51 + 114 + -71.
26
What is the value of 57 + (-7 + (-14 - (7 + -24)) - (-8 + 3))?
58
What is -159 + (-109 - -264) + (-5 + 2 - (0 + -78))?
71
28 + -63 + (25 - 11)
-21
Evaluate (2 - -8) + -2 - (-4 - (-5 + -45)).
-38
What is (4013 - 4042) + -8 + 3?
-34
What is the value of 61 + (14 - (3 + 17)) + (2 - 4)?
53
What is -31 + -1 + 34 + (-6 - 11 - 5)?
-20
What is (4 - (3 + 5)) + -2 - ((-3 - -17) + 4)?
-24
11 - (10 + 10) - (2 + 3 + -39)
25
What is the value of -150 + 6 + -216 + 291?
-69
Calculate 0 + (4 - 18) - (-50 - (-59 + 114)).
91
Evaluate (-55 - -92) + (1 - 2) + -12.
24
Evaluate (-9 + -4 - (-1 + 0)) + (55 - 36).
7
What is the value of (11 + 2 - 1) + (5 - 6) + 308 + -424?
-105
What is the value of -15 + -2 + 40 + 9 + (14 - 0)?
46
What is the value of 85 + -181 + 63 + 84?
51
What is the value of 35 + (-16 - -6) + 1?
26
What is the value of -2 + (-481 - -477) + 3 + 59 + 3 + 3?
62
43 + (1467 + -1438 - (0 - -38))
34
0 + -4 + 24 - (326 - 284)
-22
Evaluate 6 - (98 + -111 + 16 + 1) - (0 + 20).
-18
Calculate (3 - (-1 - 5) - 15) + -59 - (49 - 56).
-58
Calculate 8 + 7 + -685 + 731.
61
Evaluate 5 - -1 - (-449 + 187 + 330).
-62
Evaluate -2 + -1 - -4 - (1221 - 1205).
-15
What is the value of -824 + 808 - (17 - (-1 + -4))?
-38
What is the value of -17 - (-69 - (-94 + -30))?
-72
-18 + 2 + 14 + -25 + (2 - -2)
-23
97 + (94 + -64 - 144)
-17
Calculate -57 + 24 + 5 + -4 + 17.
-15
Evaluate 3 + (-11 - -3) + -5 + (-9 - -14).
-5
What is the value of (116 - -2) + (-6 + 42 + -19 - 33)?
102
Calculate 11 + (-11 + 1 - (-36 + 35 - 48)).
50
Evaluate -8848 - -8890 - (23 + 0).
19
What is (-1 - (2 - 2) - 1) + 2565 + -2558?
5
Evaluate 20 + 1 + -2 - (-80 + (48 - -34)).
17
(-28 - -10 - 1) + 10 + -20
-29
Calculate -4 + 0 + -1 - (-36 + 35).
-4
Calculate -24 + 2 + (42 - 93) + 94.
21
Evaluate (0 - 28) + (-165 - -26 - -216).
49
Calculate (-29 - 2) + (-1 - -44) + -70.
-58
What is 9 - (16 + -10 + 7 + -73 + 7)?
62
Evaluate 35 + 8 + -19 + -13 + 21.
32
Calculate 0 + -29 + -453 + 505 - 68.
-45
(-1 + -2 - (56 - 20 - 20 - 20)) + -7
-6
(18 - 100) + (-54 - -86)
-50
Calculate 121 + -53 - 21 - 32.
15
What is (-19 - (-63 - (-5 + -7))) + 16?
48
What is -13 + -38 + 49 + 30?
28
Calculate 2 - -5 - (10 - 42 - (-9 + 4)).
34
-45 - (4 + -6) - (-441 - -446)
-48
2 + -5 + (3 - -11) + -14 - -57 - -11
65
-80 - (19 - 0 - (-17 + 93 + -62)) - 7
-92
What is the value of -637 + 688 + -3 + -1 + -24?
23
Calculate 4 - (6 - (-11 - -5 - (20 + -18))).
-10
What is -10 - 2 - (8 - (13 - (-5 - -15)))?
-17
Calculate -5 - 217 - (-2802 - -2670).
-90
What is -49 + 46 + 105 - 200?
-98
Calculate 23 + 0 + (97 - (-170 + 232)).
58
Evaluate -11 - (-2 + (-1 + 0 - (-107 - -95))).
-20
Calculate -41 - (-14 + 22 - (46 - 36)).
-39
-2 + -6 + (94 - 73) - (13 + -1)
1
5 + 59 + 2 - (-13 + -2 + 15 + 11)
55
Evaluate -22 + -1 + (3 - 9 - -5 - (-109 - -104)).
-19
Calculate (-122 - -153) + 4 + -13 + (4 - 4) + 1.
23
Calculate 44 + 33 + -63 + 4.
18
Calculate 12 - (-15 - (-1 - (40 - 24))).
10
What is 63 + -7 - (-167 - -198)?
25
Evaluate -8 + -4 + (-7 - -15) + 71.
67
Evaluate (-1 - -16) + (41 - -94 - 99).
51
-41 + -1 - (89 + -66 - 18)
-47
What is 7 - -25 - (208 - 119)?
-57
Calculate (-8 - (-32 + -25)) + -68.
-19
What is -64 + (86 - 11) + -2 + 11 + 18?
38
-42 + 28 - (-53 + 61 - (-1 + -18))
-41
(-37 - -74 - 77) + 7 + 0
-33
Evaluate (-22 - (-54 - (15 - 36))) + (1 - -68).
80
Calculate 26 + -28 - -11 - -17.
26
Calculate -5 + 3 + -9 + -64 - (-93 - -70).
-52
179 - (40 - (64 + -124))
79
-13 - (5 + -25 + (-94 - -98))
3
-17 - -27 - (-4 - -6 - -3 - (-3 - -1))
3
25 + (19 - 19 - 58) - (-11 + 2)
-24
Calculate -13 - (-19 - (-1 + (11 - 10))) - -40.
46
(2 - (-1 + 10)) + 3 + (5 + 16 - 9)
8
-148 + 130 + 23 + 114
119
Calculate -18 - (37 + 1 + -25).
-31
Evaluate 12 + (1 - 23) - (13 - (-7 + 9)).
-21
Calculate 29 + 12 - (-3 - 17) - 1 - 0.
60
Calculate (4 - 2) + -1 - -7 - (10304 + -10305) - 4.
5
Calculate (3 - -1) + (-96 - -84 - (50 - 1)).
-57
What is the value of 149 + (-90 - 23) - 37?
-1
Calculate -44 + (23 - 5) + (-5 - -5).
-26
Calculate 105 + -366 - -247 - (-1 + 1 + -4 + 1).
-11
Calculate 3 + (16 - 32) + (-12 - (-6 + 4)).
-23
Evaluate 90 + -45 + -43 + 60.
62
300 + -262 - (-25 - -2) - 27
34
(-4 - 0) + (9 + 1 - (306 + -311))
11
Evaluate 13 + (-37 - 5) + 11.
-18
Calculate -21 + (-454 + 415 - (-46 - -1)).
-15
What is -4 + 6 - (-16 + 55 + (9 - 15))?
-31
Evaluate 4 + (0 - (3 + -37)).
38
Calculate 26 - ((-759 - -729) + (1 - -25)).
30
What is (50 - 52 - (-2 - 9) - 12) + 2 - -8?
7
Calculate -1842 - -1935 - (91 + -3).
5
What is the value of -22 - -29 - (-1 + 1 + 6 + -33 - -7)?
27
Evaluate (-1 - 31) + 25 + (0 - 1) + 21 - 69.
-56
106 - (-19 - (-29 + -104))
-8
What is -40 + 12 + -33 + 36?
-25
What is 36 + (29 - 25) - 64 - 20?
-44
Evaluate (84 - 91) + (-14 - (-5 - 3)) + -110.
-123
What is (-55 - (29 - 32 - (1 - 5))) + (245 - 231)?
-42
Evaluate 3 + 27 + 42 + -73 + -33.
-34
Evaluate (-2 - 90) + (-31 - -71) - -36.
-16
Calculate (2 - (-120 - -1)) + -4744 + 4706.
83
Evaluate 4 + -4 - (-35 - -40) - 2.
-7
Calculate -2 + 52 - (169 - 177) - 20.
38
Evaluate -8 - (21 + -16 + (1 + -78 - 4)).
68
Calculate (-28 - -1) + 2 - ((18 - -6) + -12 - 2).
-35
What is 70 - (54 + -49 + 3 + 4)?
58
Calculate 11 - ((-3 - 2) + 4 - (-378 - -380)).
14
What is the value of (3 - (-23 + 17)) + (24 - 2)?
31
What is the value of (277 - (48 + 73)) + -271?
-115
What is the value of (-14 - -9 - -33) + -12?
16
What is the value of (47 - 36 - 12) + (-16 - -2)?
-15
What is (133 - 43) + 3 + -46?
47
-11 + -10 - -4 - -27 - 44
-34
What is 2 + (-46 - ((11 - 16) + 9 + -14))?
-34
3 - (0 + (18 - 9 - 7)) - (2 - 53)
52
Evaluate 10 - (23 - -1 - (-1 + (2 - -1 - 0))).
-12
(74 - 1) + (-288 - -301) - 28
58
5 + -27 + 16 - 31
-37
-21 + (-74 + 79 - ((-5 - 0) + 3 + -4))
-10
What is the valu